{"id":1680,"date":"2020-09-21T16:16:08","date_gmt":"2020-09-21T16:16:08","guid":{"rendered":"https:\/\/tsvwesslingen.de\/?page_id=1680"},"modified":"2020-09-21T16:16:08","modified_gmt":"2020-09-21T16:16:08","slug":"hygienekonzept","status":"publish","type":"page","link":"https:\/\/tsvwesslingen.de\/?page_id=1680","title":{"rendered":"Hygienekonzept"},"content":{"rendered":"\n<h1><br \/>Hygienekonzept Seewiesenstadion und Schulzentrum Nord<\/h1>\n<p>Vorbemerkung<\/p>\n<p>\u00a0<\/p>\n<p>Hygienekonzept f\u00fcr den Amateurfu\u00dfball in Baden- W\u00fcrttemberg<\/p>\n<p>Am 1. Juli 2020 ist in Baden-W\u00fcrttemberg die Verordnung des Kulturministeriums und des<\/p>\n<p>Sozialministeriums \u00fcber die Sportaus\u00fcbung (Corona- Verordnung Sport-Corona )in Kraft getreten. Diese sieht weitere Lockerungen f\u00fcr den Sport vor, die sowohl Training als auch Sportwettk\u00e4mpfe und Sportwettbewerbe ohne Wahrung eines Mindestabstands unter bestimmten Voraussetzungen wieder zulassen.<\/p>\n<p>Voraussetzung f\u00fcr die Aufnahme des Trainings- und Wettkampbetriebes ist die Erstellung eines Hygienekonzepts. Ein solches hat zun\u00e4chst der Betreiber \u00f6ffentlicher oder privater Sportanlagen gem\u00e4\u00df \u00a7\u00a7 2 Abs. 1 S. 1, 5 Corona VO Sport vorzuhalten, soweit dort Trainingseinheiten stattfinden sollen.<\/p>\n<p>F\u00fcr den Ligabetrieb oder eine Wettkampfserie, also insbesondere Meisterschaftsrunden oder Pokalwettbewerbe, m\u00fcssen gem\u00e4\u00df \u00a7 4 Corona VO Sport die jeweiligen Sportfachverb\u00e4nde (SBFV, BFV, WFV) ein die Veranstaltungsreihe \u00fcbergreifendes Hygienekonzept erstellen.<\/p>\n<p>Das Ihnen vorliegende Hygienekonzept erf\u00fcllt die rechtlichen Vorgaben der Corona VO Sport, und ist bei allen Meisterschaftsspielen und Pokalwettbewerben zu beachten.<\/p>\n<p>\u00a0<\/p>\n<p>\u00a0<\/p>\n<p>\u00a0<\/p>\n<p>\u00a0<\/p>\n<p>\u00a0<\/p>\n<p>Allgemeine Grunds\u00e4tze<\/p>\n<p>\u00a0<\/p>\n<p>Der Schutz der Gesundheit steht \u00fcber allem und \u00f6ffentlich- rechtliche Vorgaben und Verordnungen sind immer vorrangig zu beachten. An sie muss sich der Sport und damit jeder Verein streng halten.<\/p>\n<p>Jeder Spieler, der am Training oder an Spielen teilnimmt, muss die aktuelle Fassung des Hygienekonzepts kennen und sich strikt daranhalten. Die Teilnahme am Training oder Spiel ist grunds\u00e4tzlich freiwillig.<\/p>\n<p>Alle Trainingseinheiten und Spiele werden als Freiluftaktivit\u00e4t durchgef\u00fchrt, da das Infektionsrisiko durch den permanenten Luftaustausch verringert wird.<\/p>\n<p>Allgemeine Hygiene-und Distanzregeln<\/p>\n<p>\u00a0<\/p>\n<ol>\n<li>Grunds\u00e4tzlich gilt das Einhalten des Mindestabstands (1,5 Meter) in allen Bereichen au\u00dferhalb des Spielfelds (Zonen 2 und 3). Ausnahmen sind anhand lokaler beh\u00f6rdlicher Verordnungen auszurichten.<\/li>\n<li>In Trainings- und Spielpausen ist der Mindestabstand auch auf dem Spielfeld (Zone 1) einzuhalten.<\/li>\n<li>K\u00f6rperliche Begr\u00fc\u00dfungsrituale ( z.B H\u00e4ndesch\u00fctteln, Umarmungen ) sind zu unterlassen.<\/li>\n<li>Beachten der Hust- und Niesetikette (Armbeuge \u2013 Einweg Taschentuch).<\/li>\n<li>Empfehlung zum Waschen der H\u00e4nde mit Wasser und Seife (mindestens 30 Sekunden) und\/oder Desinfizieren der H\u00e4nde.<\/li>\n<li>Unterlassen von Spucken und von Naseputzen auf dem Spielfeld.<\/li>\n<li>Mitbringen eigener Getr\u00e4nkeflasche, die zu Hause gef\u00fcllt wurde.<\/li>\n<li>Kein Abklatschen, In-den-Arm nehmen und gemeinsames Jubeln.<\/li>\n<\/ol>\n<p>\u00a0<\/p>\n<p>Gesundheitszustand<\/p>\n<ol>\n<li>Liegt eines der folgenden Symptome vor, muss die Person unbedingt zu Hause bleiben bzw. einen Arzt kontaktieren: Husten, Fieber (ab 38\u00b0 Celsius), Atemnot, Erk\u00e4ltungssymptome.<\/li>\n<li>Die gleiche Empfehlung liegt vor, wenn Symptome bei anderen Personen im eigenen Haushalt vorliegen.<\/li>\n<li>Bei positivem Test auf das Coronavirus im eigenen Haushalt muss die betreffende Person mindestens 14 Tage aus dem Trainings- und Spielbetrieb genommen werden.<\/li>\n<li>Bei allen am Training\/Spielbetrieb Beteiligten sollte vorher der Gesundheitszustand erfragt werden.<\/li>\n<\/ol>\n<p>Zonierung des Sportgel\u00e4ndes<\/p>\n<p>Das Sportgel\u00e4nde wird in drei Zonen unterteilt und dar\u00fcber der Zutritt von Personengruppen geregelt.<\/p>\n<p>\u00a0<\/p>\n<p><strong>Zone 1: Spielfeld\/Innenraum<\/strong><\/p>\n<p>\u00a0<\/p>\n<p>\u00a0In Zone 1 (Spielfeld und Spielfeldumrandung befinden sich nur die f\u00fcr den Trainings- und Spielbetrieb notwendigen Personengruppen:<\/p>\n<p>o Spieler<\/p>\n<p>o Trainer und Betreuer<\/p>\n<p>o Schiedsrichter<\/p>\n<p>o Sanit\u00e4ts- und Ordnungsdienst<\/p>\n<p>o Hygienebeauftragter<\/p>\n<p>o Medienvertreter (nach vorheriger Anmeldung)<\/p>\n<p>\u00a0<\/p>\n<p>\u00a0<\/p>\n<p>\u00a0<\/p>\n<p>\u00a0<\/p>\n<p><strong>Zone 2: Umkleidebereich<\/strong><\/p>\n<p>\u00a0<\/p>\n<ol>\n<li>In Zone 2 haben nur die relevanten Personengruppen Zutritt:<\/li>\n<\/ol>\n<p>o Spieler<\/p>\n<p>o Trainer und Betreuer<\/p>\n<p>o Schiedsrichter<\/p>\n<p>o Hygienebeauftragter<\/p>\n<ol start=\"2\">\n<li>Die Nutzung erfolgt unter Einhaltung der Abstandsregelung (1,5m)<\/li>\n<li>In s\u00e4mtlichen Innenbereichen wird dringend empfohlen einen Mund-Nasen-Schutz zu tragen.<\/li>\n<\/ol>\n<p><strong>\u00a0<\/strong><\/p>\n<p><strong>Zone 3: Zuschauerbereich<\/strong><\/p>\n<p>\u00a0<\/p>\n<ol>\n<li>Die Zone 3 bezeichnet die frei zug\u00e4nglichen Bereiche des Sportgel\u00e4ndes, Zu- und Abg\u00e4nge, sowie der Stehbereich hinter den Absperrungen.<\/li>\n<li>Im kompletten Zuschauerbereich sind die Abstandsregeln einzuhalten.<\/li>\n<\/ol>\n<p>Ma\u00dfnahmen f\u00fcr den Spielbetrieb<\/p>\n<p>Auch f\u00fcr den Spielbetrieb gelten die Vorgaben der aktuellen Corona-Verordnung:<\/p>\n<ol>\n<li>F\u00fcr jede Mannschaft stehen 2 Kabinen zur Verf\u00fcgung. Wobei sich pro Kabine jeweils nur 5 Personen gleichzeitig aufhalten d\u00fcrfen. Der Schiedsrichter benutzt die Schiedsrichterkabine ausschlie\u00dflich allein. Duschen ist erlaubt, aber nur max. 3 Personen gleichzeitig in der Dusche.<\/li>\n<li>Der Aufenthalt in den Kabinen ist auf ein notwendiges Minimum zu beschr\u00e4nken.<\/li>\n<li>Es wird dringend empfohlen, in den Umkleidekabinen einen Mund-Nasen-Schutz zu tragen.<\/li>\n<li>Die Abstandsregeln gelten auch in den Duschen, daher d\u00fcrfen sich nur 3 Personen gleichzeitig im Duschraum aufhalten. Zeitlich versetzte Nutzung der Duschen auch bei den Ausw\u00e4rtsmannschaften<\/li>\n<li>Nach jeder Nutzung sollen die Kabinen und Duschr\u00e4ume mindestens 10 Minuten gel\u00fcftet werden.<\/li>\n<li>Das Ausf\u00fcllen des Spielberichts inklusive der Freigabe soll nach M\u00f6glichkeit im Vorfeld auf eigenen mobilen Ger\u00e4ten gemacht werden. Der Schiedsrichter sollte seine Eingaben nach M\u00f6glichkeit ebenfalls an einem eigenen, mobilen Ger\u00e4t erledigen.<\/li>\n<li>Sollte dies nicht m\u00f6glich sein, steht f\u00fcr die Eingabe ein Ger\u00e4t zur Verf\u00fcgung. Nach der Benutzung dieses Eingabeger\u00e4tes bitte die H\u00e4nde desinfizieren.<\/li>\n<\/ol>\n<p>Einlaufen der Teams und w\u00e4hrend des Spiels<\/p>\n<ol>\n<li>Zeitlich getrenntes Einlaufen bzw. kein gemeinsames Sammeln und Einlaufen.<\/li>\n<li>Kein gemeinsames Aufstellen der Mannschaften.<\/li>\n<li>Kein \u201eHandshake\u201c.<\/li>\n<li>Auf Abklatschen, In-den- Arm nehmen und gemeinsames Jubeln ist zu verzichten.<\/li>\n<li>\u201eRudelbildung\u201c oder \u00e4hnliches ist zu unterlassen.<\/li>\n<li>Alle im Spielbericht eingetragenen Betreuer und die Ersatzspieler haben sich w\u00e4hrend des Spiels in der gekennzeichneten Technischen Zone aufzuhalten. Ist bei Spielen (z.B. Kleinfeld) keine Technische Zone vorhanden, halten sich die Betreuer und Auswechselspieler jeweils an der gegen\u00fcberliegenden Seitenauslinie auf.<\/li>\n<li>In allen F\u00e4llen ist nach M\u00f6glichkeit auf den Mindestabstand zu achten, falls dies nicht m\u00f6glich sein sollte, wird dringend empfohlen, einen Mund-Nasen-Schutz zu tragen.<\/li>\n<li>In der Halbzeit verbleiben die Spieler, Trainer und Betreuer nach M\u00f6glichkeit im Freien, sofern das Wetter es zul\u00e4sst.<\/li>\n<li>Nach dem Spiel unter Einhaltung der Abstandsregeln den Platz durch den zuvor benutzten Eingang verlassen. Bei nachfolgenden Spielen eine Kollision mit diesen Akteuren vermeiden.<\/li>\n<\/ol>\n<p>Zuschauer am Vereinsheim<\/p>\n<ol>\n<li>Die Zuschauer der Heimmannschaft des TSV W\u00e4ldenbronn d\u00fcrfen sich nur auf der Seite der Tartanbahn hinter dem Gel\u00e4nder aufhalten.<\/li>\n<li>Die Zuschauer der Ausw\u00e4rtsmannschaft d\u00fcrfen sich nur auf der gegen\u00fcberliegenden Seite auf der Trib\u00fcne aufhalten, mit mindestens 1.5 Meter Abstand zum Spielfeld und den Trainerb\u00e4nken auf den oberen beiden Trib\u00fcnenreihen.<\/li>\n<\/ol>\n<p>Kabinen und Duschen am Schulzentrum Nord:<\/p>\n<ol>\n<li>F\u00fcr jede Ausw\u00e4rtsmannschaft stehen zwei Kabinen (5 und 6 )zur Verf\u00fcgung, wobei sich pro Kabine nur 5 Mann gleichzeitig aufhalten d\u00fcrfen. Der Schiedsrichter benutzt ausschlie\u00dflich die Kabine 4, notfalls die Schiedsrichterkabine am Vereinsheim. Die Heimmannschaften des TSV W\u00e4ldenbronn kommen schon umgezogen zum Spiel oder ziehen sich am Vereinsheim um.<\/li>\n<li>In den Duschen sind lediglich 2 Personen gleichzeitig gestattet.<\/li>\n<li>Im \u00dcbrigen gelten die gleichen Regeln wie oben f\u00fcr das Vereinsheim aufgef\u00fchrt.<\/li>\n<\/ol>\n<p>\u00a0<\/p>\n<p>Zuschauer am Schulzentrum Nord<\/p>\n<ol>\n<li>Die Zuschauer der Heimmannschaft des TSV W\u00e4ldenbronn d\u00fcrfen sich nur auf der Seite der Sporthalle aufhalten und halten 1,5 Meter Abstand zum Spielfeld und Trainerbank.<\/li>\n<li>Die Zuschauer der Ausw\u00e4rtsmannschaft d\u00fcrfen sich nur auf der Seite der Tartanbahn aufhalten und halten 1,5 Meter Abstand zum Spielfeld.<\/li>\n<li>Besucher des unten gelegenen Mini-Spielfeldes und Bolzplatzes sind sofort wieder wegzuschicken, sollten sie den oberen Bereich des Kunstrasenplatzes betreten.<\/li>\n<\/ol>\n<p>\u00a0<\/p>\n<p>Haftungshinweis:<\/p>\n<p>Bei Wiederaufnahme des Trainings- und Spielbetriebes ist zwar jeder Verein daf\u00fcr verantwortlich die geltenden Sicherheits- und Hygienebestimmungen einzuhalten und den Trainings entsprechend der jeweils geltenden Verf\u00fcgungslage zu organisieren, eine generelle Haftung f\u00fcr eine Ansteckung mit dem Corona-Virus im Rahmen des Trainings trifft Vereine und f\u00fcr die Vereine handelnde Personen aber nicht. Es ist klar, dass auch bei Einhaltung gr\u00f6\u00dftm\u00f6glicher Sicherheits- Hygienestandards eine Ansteckung sich nicht zu 100 Prozent vermeiden l\u00e4sst (weder im Training\/Spiel noch bei sonstiger Teilnahme am \u00f6ffentlichen Leben). Die Vereine haften nicht f\u00fcr das allgemeine Lebensrisiko der am Training beteiligten Personen. Eine Haftung kommt nur in Betracht, wenn dem Verein bzw. den f\u00fcr den Verein handelnde ein vors\u00e4tzliches oder fahrl\u00e4ssiges Fehlverhalten vorzuwerfen ist und gerade dadurch Personen zu Schaden kommen. Die Beweislast f\u00fcr ein solches Fehlverhalten und einen darauf basierenden Schaden tr\u00e4gt grunds\u00e4tzlich derjenige, der den Verein\/die handelnden Personen in Anspruch nehmen m\u00f6chte.<\/p>\n<p>Rechtliches<\/p>\n<p>Die vorherigen Bestimmungen sind nach bestem Wissen erstellt. Eine Haftung bzw. Gew\u00e4hr f\u00fcr die Richtigkeit der Angaben kann nicht \u00fcbernommen werden. Es ist stets zu beachten, dass durch die zust\u00e4ndigen Beh\u00f6rden oder Eigent\u00fcmer bzw. Betreiber der Sportst\u00e4tte weitergehende oder abweichende Regelungen zum Infektionsschutz sowie Nutzungsbeschr\u00e4nkungen getroffen werden k\u00f6nnen. Pr\u00fcfen Sie dies bitte regelm\u00e4\u00dfig. Diese sind zu beachten.<\/p>\n<p>\u00a0<\/p>\n<p>Corona-Beauftragte:<\/p>\n<p>&#8211; Dietmar Rausschnabel, Tel.: 0172\/1542613<\/p>\n<p>&#8211; Der jeweilige Cheftrainer der spielenden Heimmannschaft<\/p>\n<p>\u00a0<\/p>\n<p>\u00a0<\/p>\n<p>\u00a0<\/p>\n","protected":false},"excerpt":{"rendered":"","protected":false},"author":1,"featured_media":0,"parent":0,"menu_order":0,"comment_status":"closed","ping_status":"closed","template":"","meta":{"footnotes":""},"class_list":["post-1680","page","type-page","status-publish","czr-hentry"],"_links":{"self":[{"href":"https:\/\/tsvwesslingen.de\/index.php?rest_route=\/wp\/v2\/pages\/1680","targetHints":{"allow":["GET"]}}],"collection":[{"href":"https:\/\/tsvwesslingen.de\/index.php?rest_route=\/wp\/v2\/pages"}],"about":[{"href":"https:\/\/tsvwesslingen.de\/index.php?rest_route=\/wp\/v2\/types\/page"}],"author":[{"embeddable":true,"href":"https:\/\/tsvwesslingen.de\/index.php?rest_route=\/wp\/v2\/users\/1"}],"replies":[{"embeddable":true,"href":"https:\/\/tsvwesslingen.de\/index.php?rest_route=%2Fwp%2Fv2%2Fcomments&post=1680"}],"version-history":[{"count":1,"href":"https:\/\/tsvwesslingen.de\/index.php?rest_route=\/wp\/v2\/pages\/1680\/revisions"}],"predecessor-version":[{"id":1681,"href":"https:\/\/tsvwesslingen.de\/index.php?rest_route=\/wp\/v2\/pages\/1680\/revisions\/1681"}],"wp:attachment":[{"href":"https:\/\/tsvwesslingen.de\/index.php?rest_route=%2Fwp%2Fv2%2Fmedia&parent=1680"}],"curies":[{"name":"wp","href":"https:\/\/api.w.org\/{rel}","templated":true}]}}