{"id":2728,"date":"2025-10-08T22:24:19","date_gmt":"2025-10-08T22:24:19","guid":{"rendered":"https:\/\/tsvwesslingen.de\/?page_id=2728"},"modified":"2025-10-08T22:24:23","modified_gmt":"2025-10-08T22:24:23","slug":"praeventions-und-schutzkonzept-tsv-waeldenbronn-esslingen","status":"publish","type":"page","link":"https:\/\/tsvwesslingen.de\/?page_id=2728","title":{"rendered":"Pr\u00e4ventions- und Schutzkonzept TSV W\u00e4ldenbronn-Esslingen"},"content":{"rendered":"<p><strong>Leitfaden zur Pr\u00e4vention <\/strong><strong>und Bek\u00e4mpfung <\/strong><strong>der Kindswohlgef\u00e4hrdung<\/strong><\/p>\n<p><u>Pr\u00e4ambel<\/u><\/p>\n<p><strong>Kinder und Jugendschutz im Turn- und Sportverein W\u00e4ldenbronn-Esslingen 1896 e.V. <\/strong><\/p>\n<p>Kinder, Jugendliche und junge Erwachsene vor jeglicher Art von Missbrauch zu sch\u00fctzen, steht auch im TSVWE an oberster Stelle. Zu diesem Zweck wurde ein Pr\u00e4ventions- und Schutzkonzept erarbeitet, um sich aktiv f\u00fcr den Schutz der Kinder und Jugendlichen einzusetzen. Verschiedene pr\u00e4ventive Ma\u00dfnahmen helfen, ein ganzheitliches Schutzkonzept im Verein zu verankern und somit den Schutz vor Missbrauch zu erreichen und das Wohlergehen von Kindern und Jugendlichen zu wahren. Unser Leitfaden zur Pr\u00e4vention und Bek\u00e4mpfung der Kindswohlgef\u00e4hrdung wurde 2024\/2025 erarbeitet.<\/p>\n<p>Von der \u00f6ffentlichen Diskussion um (sexualisierte) Gewalt gegen Kinder und Jugendliche ist auch der Sport betroffen und gefordert. Der W\u00fcrttembergische Landessportbund, die W\u00fcrttembergische Sportjugend und der TSV W\u00e4ldenbronn-Esslingen verurteilen jegliche Form von Gewalt, seien sie k\u00f6rperlicher, seelischer oder sexueller Art. Deshalb appellieren wir deutlich an alle Mitglieder, Sporttreibende, \u00dcbungsleiter und Trainer \u201ehinzuschauen, abzuw\u00e4gen und zu handeln\u201c, um Kindesmissbrauch im Sport keine Chance zu geben. M\u00f6gliche Anzeichen einer Kindeswohlgef\u00e4hrdung sind ernst zu nehmen, sie m\u00fcssen thematisiert und d\u00fcrfen nicht ignoriert werden. \u00dcbungsleiter*innen und Trainer*innen, die mit jungen Menschen zusammenarbeiten und diese betreuen, \u2013 m\u00fcssen, soweit sie f\u00fcr den TSVWE t\u00e4tig sind, ihr eigenes Handeln regelm\u00e4\u00dfig reflektieren. Der richtige Umgang mit N\u00e4he und Distanz ist hierbei ein wichtiger Aspekt. Die Verankerung von Kinderschutz im Sportverein ist an dieser Stelle bedeutend, um das Wohl der Kinder und Jugendlichen zu sch\u00fctzen und zugleich potenzielle T\u00e4ter*innen abzuschrecken. Der TSVWE m\u00f6chte auch sein Potential f\u00fcr die Alkoholpr\u00e4vention in diesem Zusammenhang ausbauen. Die Zahl der Jugendlichen, die in Deutschland nach exzessivem Genuss von Alkohol die Kontrolle verloren haben, nimmt zu. Auch konsumieren Kinder und Jugendliche immer fr\u00fcher Alkohol. Deshalb wurden auch Leitlinien in Bezug auf Alkoholkonsum mit aufgenommen.<\/p>\n<p><u>Leitfaden zur Pr\u00e4vention und Bek\u00e4mpfung der Kindswohlgef\u00e4hrdung<\/u><\/p>\n<p>Der TSV W\u00e4ldenbronn-Esslingen m\u00f6chte jegliche Art von Missbrauchsf\u00e4llen so weit wie m\u00f6glich verhindern und ein Schutz- und Aufmerksamkeitssystem etablieren, das insbesondere Kinder, Jugendliche und junge Erwachsene in unserem Verein sch\u00fctzen soll. Ebenso soll Hilfe f\u00fcr Betroffene angeboten werden.<\/p>\n<p><u>Was ist sexualisierte Gewalt?<\/u><\/p>\n<p>In der Fachwelt hat sich der Begriff der sexualisierten Gewalt durchgesetzt und kann als Oberbegriff f\u00fcr die verschiedenen Handlungen bezeichnet werden, die Machtaus\u00fcbung, Zwang oder erzwungene N\u00e4he eines Menschen mit Mitteln der Sexualit\u00e4t zur Folge haben.<\/p>\n<p>M\u00f6gliche Erscheinungsformen sexualisierter Gewalt im Sport<\/p>\n<ul>\n<li>Verbale \u00dcbergriffe, z.B. durch anz\u00fcgliche Bemerkungen<\/li>\n<li>Sexistische Aussagen<\/li>\n<li>Nonverbale \u00dcbergriffe, z.B. durch Gesten und Blicke<\/li>\n<li>Als Versehen getarnte Ber\u00fchrungen (u.a. im Intimbereich)<\/li>\n<li>Verletzungen der Intimsph\u00e4re, wie z. B. in der Umkleidekabine oder Dusche<\/li>\n<li>Fotografien in der Umkleide oder Dusche<\/li>\n<li>Die pers\u00f6nlichen Grenzen \u00fcberschreitende Gespr\u00e4che \u00fcber Sexualit\u00e4t<\/li>\n<\/ul>\n<p><u>M\u00f6gliche Anzeichen sexualisierter Gewalt im Sport<\/u><\/p>\n<p>Eindeutige k\u00f6rperliche oder psychische Anzeichen, die auf sexualisierte Gewalt hindeuten k\u00f6nnten, gibt es nicht. Es k\u00f6nnen aber Ver\u00e4nderungen bzw. Verhaltensauff\u00e4lligkeiten bei Sportler*innen wahrgenommen werden, die auf jeden Fall ernst zu nehmen sind.<\/p>\n<ul>\n<li>\u00c4ngstlichkeit oder Leistungsabfall<\/li>\n<li>Pl\u00f6tzliche Interessenlosigkeit<\/li>\n<li>R\u00fcckzugstendenzen \/ passives Verhalten<\/li>\n<li>Stimmungsschwankungen \/ emotionale Ausbr\u00fcche<\/li>\n<li>Sexualisiertes Verhalten oder Gewaltt\u00e4tigkeit<\/li>\n<li>Konzentrationsschw\u00e4che \/ Ruhelosigkeit \/ Nervosit\u00e4t<\/li>\n<\/ul>\n<p><u>Pr\u00e4vention<\/u><\/p>\n<p>F\u00fcr eine gelungene Pr\u00e4vention im Sport, ist es notwendig, eine Kultur der Aufmerksamkeit zu entwickeln, in der Sexualit\u00e4t und sexualisierte Gewalt offen thematisiert werden k\u00f6nnen und Beschwerden zugelassen werden. Potenzielle T\u00e4ter*innen suchen gezielt nach Gelegenheiten, m\u00f6glichst unauff\u00e4llig und unkompliziert in Kontakt mit Kindern und Jugendlichen zu kommen. Gerade der Sport bietet g\u00fcnstige Bedingungen f\u00fcr sexuelle \u00dcbergriffe. T\u00e4ter*innen meiden dabei allerdings h\u00e4ufig Vereine oder Institutionen, die sich \u00f6ffentlich mit der Thematik \u201esexualisierter Gewalt\u201c auseinandersetzen. Deshalb ist es unerl\u00e4sslich, sexualisierte Gewalt zum Thema zu machen und sich nachhaltig f\u00fcr ein Schutzkonzept einzusetzen. Verschiedene pr\u00e4ventive Ma\u00dfnahmen helfen, ein ganzheitliches Schutzkonzept im Verein zu verankern und somit den Schutz vor Missbrauch zu erreichen und das Wohlergehen der Kinder und Jugendlichen zu wahren. Aufkommende Fragen, wo k\u00f6rperliche N\u00e4he im Sport aufh\u00f6rt, und individuelle Grenz\u00fcberschreitungen beginnen, lassen sich nicht pauschal beantworten. In vielen Sportarten sind Ber\u00fchrungen (wie z.B. bei Hilfestellungen) wesentlicher und unvermeidbarer Bestandteil des Bewegungsablaufs und bieten unter Umst\u00e4nden Anlass zu \u00fcbergriffigen Ber\u00fchrungen, die scheinbar zuf\u00e4llig geschehen. Trainer*innen und \u00dcbungsleiter*innen sind Vorbilder, werden bewundert und oftmals auch idealisiert. Dies macht es m\u00f6glichen T\u00e4ter*innen leichter, das von Kindern und Jugendlichen in sie gesetzte Vertrauen zu missbrauchen. Anerkennung im Verein, Vertrautheit oder gar Verwandtschaftsbeziehungen bieten Trainer*innen eine gute M\u00f6glichkeit, sich hinter dieser Fassade zu verstecken. Sexualisierte Gewalt im Sport kann aber auch nicht selten unter Kindern und Jugendlichen vorkommen. Die Grenzen zwischen harmlosen Bemerkungen und sexualisierten Handlungen sind flie\u00dfend. Grenz\u00fcberschreitungen gibt es nicht nur als sexuellen \u00dcbergriffe, sondern auch in Form von verbaler Gewalt. Dabei spielen Dominanz, Erpressung und Gruppendruck eine gro\u00dfe Rolle, wie z.B. bei Aufnahmeritualen oder Mutproben in Sportvereinen.<\/p>\n<p><u>Pr\u00e4ventive Ma\u00dfnahmen<\/u><\/p>\n<p>Der Ehrenkodex ist ein wichtiges Instrument, um verschiedene Pr\u00e4ventionsbereiche, insbesondere den Kinder- und Jugendschutz abzudecken. Er dient als Anlass sich \u00fcber die Werte und Normen im Verein auszutauschen und verdeutlicht die eigene Verantwortung gegen\u00fcber den Kindern und Jugendlichen.<\/p>\n<ul>\n<li>Der Ehrenkodex soll von allen im Sport T\u00e4tigen, egal ob ehrenamtlich, neben- oder hauptberuflich, auf freiwilliger Basis unterzeichnet werden. \u00dcbungsleiter*innen und Trainer*innen best\u00e4tigen mit ihrer Unterschrift, die ethischen Grunds\u00e4tze eines altersgerechten Erziehungs- und Trainingsstils einzuhalten. Neben der Achtung der Selbstbestimmung von Kindern und Jugendlichen, der Vermeidung von Doping und Medikamentenmissbrauch erkl\u00e4ren die Unterschreibenden, auf jede Form von Gewalt zu verzichten und das Recht auf k\u00f6rperliche und sexuelle Unversehrtheit zu achten.<\/li>\n<li>Zur Sensibilisierung f\u00fcr das Thema Kinderschutz und m\u00f6gliche Kindeswohlgef\u00e4hrdungen muss ein Bewusstsein geschaffen werden. Das Bundeskinderschutzgesetz sieht vor, dass keine einschl\u00e4gig vorbestraften Personen in der Kinder- und Jugendarbeit besch\u00e4ftigt werden. Als Vorstufe zum erweiterten polizeilichen F\u00fchrungszeugnis ist daher die Abgabe einer Selbstverpflichtungserkl\u00e4rung f\u00fcr Betreuer*innen, \u00dcbungsleiter*innen, Trainer*innen, die in der Betreuung von Kindern und Jugendlichen (bis 18 Jahre) t\u00e4tig sind, Pflicht. Der Ehrenkodex wird hier in Form einer Selbstverpflichtungserkl\u00e4rung unterschrieben, die alle Beteiligten auf das Einhalten der dort formulierten p\u00e4dagogischen Leitlinien verpflichtet und hierf\u00fcr sensibilisiert. Alle Abteilungsleitungen des TSVWE sind angehalten, eine Selbstverpflichtungserkl\u00e4rung einzufordern.<\/li>\n<\/ul>\n<p>Erweitertes F\u00fchrungszeugnis<\/p>\n<p>Nach \u00a7 72a SGB VIII sollen Sportvereine ebenfalls festlegen, wann f\u00fcr ehren- und nebenamtlich T\u00e4tige in der Kinder- und Jugendhilfe Einsicht in das erweiterte F\u00fchrungszeugnis erforderlich ist. Sofern im F\u00fchrungszeugnis ein relevanter Straftatbestand nach StGB \u00a7 72a Abs. 1 S. 1 SGB VIII eingetragen ist, hat dies einen T\u00e4tigkeitsausschluss zur Folge. Ein erweitertes polizeiliches F\u00fchrungszeugnis m\u00fcssen<\/p>\n<ul>\n<li>geringf\u00fcgig Besch\u00e4ftigte, die in der Betreuung von Kindern und Jugendlichen (bis 18 Jahre) t\u00e4tig sind, bei Neubesch\u00e4ftigung und alle 5 Jahre neu, vorlegen.<\/li>\n<li>Alle Abteilungen des TSVWE sind angehalten, alle 5 Jahre neu von allen ehrenamtlichen Betreuer*innen, \u00dcbungsleiter*innen, Trainer*innen, die als Alleinbetreuer*innen von Kindern und Jugendlichen (bis 18 Jahre) und bei \u00dcbernachtungen anl\u00e4sslich von Wettk\u00e4mpfen oder bei Freizeiten t\u00e4tig sind, ein erweitertes polizeiliches F\u00fchrungszeugnis zur Einsicht einzufordern.<\/li>\n<\/ul>\n<p>Die Beantragung des F\u00fchrungszeugnisses f\u00fcr einen Ehrenamtlichen ist kostenlos, sofern er das vom Verein ausgef\u00fcllte Formular zur Kostenbefreiung vorlegt.<\/p>\n<p>Besonderheiten:<\/p>\n<ul>\n<li>Bei kurzfristigen Personaleinsatz bzw. Vertretungseins\u00e4tzen kann eine Selbstverpflichtungserkl\u00e4rung unterzeichnet werden!<\/li>\n<li>Ausl\u00e4ndische Ehrenamtliche k\u00f6nnen kein erweitertes F\u00fchrungszeugnis beantragen! &#8211;&gt; Selbstverpflichtungserkl\u00e4rung.<\/li>\n<\/ul>\n<p><u>Verhaltensregeln<\/u><\/p>\n<p>Vorf\u00e4lle von sexualisierter Gewalt k\u00f6nnen auch mit Pr\u00e4ventionskonzepten bzw. pr\u00e4ventiven Ma\u00dfnahmen nicht g\u00e4nzlich ausgeschlossen werden. Daher ist es wichtig, bei Verdachtsf\u00e4llen von Kindeswohlgef\u00e4hrdung so reagieren zu k\u00f6nnen, dass Gefahrensituationen f\u00fcr Kinder und Jugendliche m\u00f6glichst schnell unterbunden werden und Vereinsverantwortliche der Verantwortung zum Schutz der Kinder nachkommen. Niemand wird erwarten k\u00f6nnen, dass die handelnden Personen in Sportvereinen Fachexperten*innen im Umgang mit Interventionsf\u00e4llen sind, aber ihrer Handlungsverantwortung zum Kinder- und Jugendschutz so nachkommen, dass sexualisierte \u00dcbergriffe unterbunden werden.<\/p>\n<p>Auch wenn sexualisierte \u00dcbergriffe menschliche Reaktionen hervorrufen k\u00f6nnen (wie z.B. Wut oder Hilflosigkeit), so ist es dennoch wichtig, einen \u201ek\u00fchlen Kopf\u201c zu bewahren. Je besser eine Absprache erfolgt, wie in einem solchen Fall zu verfahren ist, desto effektiver und bedachter kann betroffenen Kindern und Jugendlichen geholfen werden.<\/p>\n<p>Wie kann man sich bei einem Verdachtsfall verhalten?<\/p>\n<ul>\n<li>Der Schutz des Kindes \/ Jugendlichen steht immer an erster Stelle<\/li>\n<li>Bewahren Sie Ruhe: \u00dcberhastetes Eingreifen hilft niemandem!<\/li>\n<li>Verd\u00e4chtige Personen nicht mit dem Verdacht konfrontieren<\/li>\n<li>Geben Sie keine Informationen an unbeteiligte Dritte weiter, bis der Verdacht best\u00e4tigt bzw. aufgekl\u00e4rt ist! Sie k\u00f6nnen ein vertrauliches Gespr\u00e4ch mit einer anderen Betreuungsperson innerhalb des Vereins f\u00fchren, ob \u00e4hnliche Beobachtungen gemacht wurden<\/li>\n<li>Ziehen Sie unbedingt Fachleute zu Rate (Ansprechpartner erhalten Sie \u00fcber die Gesch\u00e4ftsstelle)!<\/li>\n<li>Beziehen Sie den zust\u00e4ndigen Vorstand \/ die zust\u00e4ndige Abteilungsleitung ein!<\/li>\n<li>Konfrontieren Sie das Kind \/ den Jugendlichen nicht vorschnell mit Vermutungen \u2013 w\u00e4gen Sie dies sorgsam mit einer Fach- und Beratungsstelle ab!<\/li>\n<li>F\u00fchren Sie keine eigenst\u00e4ndigen Ermittlungen durch!<\/li>\n<li>Geben Sie dem Kind bzw. Jugendlichen nur Versprechungen, die Sie auch halten k\u00f6nnen<\/li>\n<li>In R\u00fccksprache mit dem betroffenen Kind \/ Jugendlichen (insofern kein innerfamili\u00e4rer Verdacht bzw. Vorfall besteht!): Einbeziehung der Erziehungsberechtigten<\/li>\n<li>Dokumentieren Sie alle Beobachtungen und Gespr\u00e4che, die Ihren Verdacht betreffen<\/li>\n<\/ul>\n<p>Wie verhalte ich mich, wenn sich die Vermutungen als sexueller Missbrauch best\u00e4tigen?<\/p>\n<ul>\n<li>Auch hier steht der Schutz des Kindes \/ Jugendlichen immer an erster Stelle<\/li>\n<li>Trennen Sie das Opfer und den \/ die T\u00e4ter*in umgehend, sodass es nicht zu weiteren sexuellen \u00dcbergriffen kommen kann<\/li>\n<li>Der \/ die T\u00e4ter*in sollte von seiner Vereinst\u00e4tigkeit freigestellt werden<\/li>\n<li>Ziehen Sie auch hier unbedingt Fachleute zu Rate, die Sie bei den weiteren Verfahrensm\u00f6glichkeiten beraten k\u00f6nnen und w\u00e4gen Sie gemeinsam das F\u00fcr und Wider der Erstattung einer Anzeige ab<\/li>\n<li>F\u00fcr Sie als Ansprechpartner*in besteht keine Anzeigepflicht gegen\u00fcber Strafverfolgungsbeh\u00f6rden (wie z.B. Polizei oder Staatsanwaltschaft), jedoch eine Handlungsverpflichtung gegen\u00fcber dem Kind bzw. Jugendlichen. Das bedeutet, dass sichergestellt werden muss, dass eine derartige Situation sich nicht mehr wiederholen kann und das Opfer nicht weiter bzw. erneut in Gefahr ger\u00e4t. Die Situation muss aber nicht zwangsl\u00e4ufig angezeigt werden<\/li>\n<li>Bieten Sie dem betroffenen Kind bzw. Jugendlichen die Herstellung eines Kontakts zu einer Fach- und Beratungsstelle an<\/li>\n<li>Dokumentieren Sie auch hier alle Beobachtungen und Gespr\u00e4che, die Sie mit beteiligten Akteuren gef\u00fchrt haben, so detailliert wie m\u00f6glich<\/li>\n<\/ul>\n<p>Die W\u00fcrttembergische Sportjugend im W\u00fcrttembergischen Landessportbund e.V. hat eine Kontaktstelle f\u00fcr den Kinder- und Jugendschutz eingerichtet. An diese Stelle k\u00f6nnen sich Vereinsvertreter*innen, Trainer*innen und Sportler*innen wenden, die Informationen oder konkrete Hilfe ben\u00f6tigen. Die Kontaktstelle \u00fcbernimmt keine Aufkl\u00e4rungsarbeit, sondern vermittelt zu externen Fach- und Beratungsstellen aus unserem Einzugsgebiet.<\/p>\n<p>Bei einer best\u00e4tigten Kindswohlgef\u00e4hrdung bieten neben der Polizei auch das Ordnungsamt, Amtsgericht\/Familiengericht, oder eine Beratungsstelle f\u00fcr Opfer von Missbrauch Hilfe und Unterst\u00fctzung an. Das Opfer\u2011Telefon des WEISSEN RING e. V. ist unter: Tel. 116 006 (kostenfrei) erreichbar. Auch an das Landeskriminalamt Baden-W\u00fcrttemberg Polizeiliche Kriminalpr\u00e4vention Taubenheimstra\u00dfe 85 70372 Stuttgart Tel.: 07 11\/54 01\u20110, \u201134 58 E\u2011Mail: praevention@polizei.bwl.de www.polizei-bw.de, k\u00f6nnen Sie sich wenden.<\/p>\n<p>Auch der TSVWE hat eine Schutzbeauftragte bestellt.<\/p>\n<p>Stefanie Fruth, stefanie.fruth@tsvwesslingen.de oder 0171\/6941374<\/p>\n<p>Betroffene Personen oder mittelbar beteiligte Beobachter k\u00f6nnen sich im Erstkontakt jederzeit \u00fcber die Gesch\u00e4ftsstelle oder \u00fcber die Kontaktdaten auf der Homepage wenden. Dieser ist insbesondere Ansprechpartner in folgenden F\u00e4llen:<\/p>\n<ul>\n<li>Fragestellungen zu diesem Leitfaden<\/li>\n<li>Fragen zum erweiterten F\u00fchrungszeugnis<\/li>\n<li>Ansprechpartner f\u00fcr Betroffene<\/li>\n<li>Vermittlung von Beratungsangeboten und insofern erfahrenen Fachkr\u00e4ften<\/li>\n<\/ul>\n<p>Vertrauensperson<\/p>\n<p>Der TSVWE hat au\u00dferdem eine Person als Vertrauensperson bestellt. Die Vertrauensperson nimmt unter datenschutz-rechtlichen Gesichtspunkten Einsicht in die erweiterten polizeilichen F\u00fchrungszeugnisse und pr\u00fcft diese auf relevante Eintragungen. Irrelevante Eintragungen werden nicht gemeldet und vertraulich<\/p>\n<p>behandelt. Das erweiterte polizeiliche F\u00fchrungszeugnis muss der TSVWE-Vertrauensperson zugeschickt bzw. vorgezeigt werden.<\/p>\n<p>Frau Sandra Fingerle, Langer Weg 6\/ 1, 73732 Esslingen.<\/p>\n<p><u>Umsetzungsma\u00dfnahmen<\/u><\/p>\n<p>Der Vorstand ist verantwortlich f\u00fcr die strukturelle Verankerung der Thematik sowie die Schaffung einer Aufmerksamkeitskultur im gegenseitigen Miteinander. Der Vorstand benennt mindestens einen Schutzbeauftragten, an den sich betroffene Kinder- und Jugendliche wenden k\u00f6nnen.<\/p>\n<p>Die gesamte Vorstandschaft hat einen Ehrenkodex beschlossen, der von allen Mitarbeitern, die im Kinder- und Jugendsport eingesetzt werden, zu unterzeichnen ist, egal ob sie hauptamtlich oder ehrenamtlich im TSVWE t\u00e4tig sind.<\/p>\n<p>Die Gesch\u00e4ftsstelle ist verantwortlich daf\u00fcr, dass geringf\u00fcgig Besch\u00e4ftigte oder Freiberufler in der Kinder- und Jugendarbeit sich verpflichten, vor Beginn ihrer T\u00e4tigkeit, ein erweitertes, polizeiliches F\u00fchrungszeugnis vorzulegen.<\/p>\n<p>Die Abteilungsleitungen kommunizieren das Leitbild an ihre \u00dcbungsleiter*innen und fordern dazu auf, dass der Ehrenkode freiwillig von so vielen Personen wie m\u00f6glich in der Abteilung unterzeichnet wird. Die Abteilungsleitungen sorgen daf\u00fcr, dass von allen, die in der Betreuung von Kindern und Jugendlichen (bis 18 Jahre) t\u00e4tig sind, eine Selbstverpflichtungserkl\u00e4rung unterzeichnet wird. Die Abteilungsleitungen bestehen darauf, dass bei 1:1 Trainings oder \u00dcbernachtungsbetreuung\/Begleitung das erweiterte polizeiliche F\u00fchrungszeugnis alle 5 Jahre neu bei der Vertrauensperson eingereicht wird. Abteilungen reichen mindestens einmal j\u00e4hrlich den R\u00fcckmeldebogen zum Kinder- und Jugendschutz zur Kontrolle \u00fcber die ordnungsgem\u00e4\u00dfe Abgabe der \u00dcbungsleiter\/Trainer\/Betreuer bei der Gesch\u00e4ftsstelle\/dem Vorstand ein. (Anlage 4)<\/p>\n<p>\u00dcbersicht:<\/p>\n<ol>\n<li>Ehrenkodex Anlage 1 \u00e0 freiwillig f\u00fcr alle (\u00dcbungsleiter*innen und Trainer*innen, Vorstand, Sportler)<\/li>\n<li>Selbstverpflichtungserkl\u00e4rung Anlage 2 \u00e0 Pflicht f\u00fcr alle \u00dcbungsleiter*innen, Trainer*innen, die in der Betreuung von Kindern und Jugendlichen (bis 18 Jahre) t\u00e4tig sind.<\/li>\n<li>erweitertes polizeiliches F\u00fchrungszeugnis Anlage 3 f\u00fcr Beantragung \u00e0 Pflicht f\u00fcr geringf\u00fcgig Besch\u00e4ftigte, die in der Betreuung von Kindern und Jugendlichen (bis 18 Jahre) t\u00e4tig sind, und ehrenamtlichen Betreuer*innen, \u00dcbungsleiter*innen, Trainer*innen, die als Alleinbetreuer*innen von Kindern und Jugendlichen (bis 18 Jahre) und bei \u00dcbernachtungen anl\u00e4sslich von Wettk\u00e4mpfen oder bei Freizeiten t\u00e4tig sind.<\/li>\n<\/ol>\n<p><u>Geltungsbereich<\/u><\/p>\n<p>Der Gesamtausschuss hat den Leitfaden zur Vermeidung einer Kindeswohlgef\u00e4hrdung und zur Alkoholpr\u00e4vention, mit Stand von Februar 2025, am 13.10.2025 beschlossen und genehmigt.<\/p>\n<p>Esslingen, den 14.10.2025<\/p>\n<p>Vorstand<\/p>\n<p>Quelle der Texte, Bilder und Abbildungen: Brosch\u00fcre \u201eNEIN zu sexualisierter Gewalt im Sport\u201c der W\u00fcrttembergischen Sport-jugend im WLSB e.V. in Zusammenarbeit mit der Badischen Sportjugend im Badischen Sportbund Freiburg e.V<\/p>\n<p>Quelle: Brosch\u00fcre MISSBRAUCH VERHINDERN! Eine PUBLIKATION Ihrer Polizei. Herausgeber:<\/p>\n<p>Polizeiliche Kriminalpr\u00e4vention der L\u00e4nder und des Bundes, Zentrale Gesch\u00e4ftsstelle, Taubenheimstra\u00dfe 85, 70372 Stuttgart<\/p>\n\n<a href=\"https:\/\/tsvwesslingen.de\/wp-content\/uploads\/2025\/10\/Konzeption-Kinderschutzkonzept-TSVW.pdf\" class=\"pdfemb-viewer\" style=\"\" data-width=\"max\" data-height=\"max\" data-toolbar=\"bottom\" data-toolbar-fixed=\"off\">Konzeption-Kinderschutzkonzept-TSVW<\/a>\n\n\n<p><a href=\"https:\/\/tsvwesslingen.de\/wp-content\/uploads\/2025\/10\/Konzeption-Kinderschutzkonzept-TSVW.pdf\" target=\"_blank\" rel=\"noreferrer noopener\">Pr\u00e4ventions- und Schutzkonzept TSV W\u00e4ldenbronn-Esslingen<\/a><\/p>\n","protected":false},"excerpt":{"rendered":"<p>Leitfaden zur Pr\u00e4vention und Bek\u00e4mpfung der Kindswohlgef\u00e4hrdung Pr\u00e4ambel Kinder und Jugendschutz im Turn- und Sportverein W\u00e4ldenbronn-Esslingen 1896 e.V. Kinder, Jugendliche und junge Erwachsene vor jeglicher Art von Missbrauch zu sch\u00fctzen, steht auch im TSVWE an oberster Stelle. Zu diesem Zweck wurde ein Pr\u00e4ventions- und Schutzkonzept erarbeitet, um sich aktiv f\u00fcr den Schutz der Kinder und [&hellip;]<\/p>\n","protected":false},"author":10,"featured_media":0,"parent":0,"menu_order":0,"comment_status":"closed","ping_status":"closed","template":"","meta":{"footnotes":""},"class_list":["post-2728","page","type-page","status-publish","czr-hentry"],"_links":{"self":[{"href":"https:\/\/tsvwesslingen.de\/index.php?rest_route=\/wp\/v2\/pages\/2728","targetHints":{"allow":["GET"]}}],"collection":[{"href":"https:\/\/tsvwesslingen.de\/index.php?rest_route=\/wp\/v2\/pages"}],"about":[{"href":"https:\/\/tsvwesslingen.de\/index.php?rest_route=\/wp\/v2\/types\/page"}],"author":[{"embeddable":true,"href":"https:\/\/tsvwesslingen.de\/index.php?rest_route=\/wp\/v2\/users\/10"}],"replies":[{"embeddable":true,"href":"https:\/\/tsvwesslingen.de\/index.php?rest_route=%2Fwp%2Fv2%2Fcomments&post=2728"}],"version-history":[{"count":5,"href":"https:\/\/tsvwesslingen.de\/index.php?rest_route=\/wp\/v2\/pages\/2728\/revisions"}],"predecessor-version":[{"id":2735,"href":"https:\/\/tsvwesslingen.de\/index.php?rest_route=\/wp\/v2\/pages\/2728\/revisions\/2735"}],"wp:attachment":[{"href":"https:\/\/tsvwesslingen.de\/index.php?rest_route=%2Fwp%2Fv2%2Fmedia&parent=2728"}],"curies":[{"name":"wp","href":"https:\/\/api.w.org\/{rel}","templated":true}]}}