{"id":43,"date":"2018-02-03T01:33:25","date_gmt":"2018-02-03T01:33:25","guid":{"rendered":"https:\/\/tsvwesslingen.de\/wp\/?page_id=43"},"modified":"2026-03-05T21:08:15","modified_gmt":"2026-03-05T21:08:15","slug":"zumba","status":"publish","type":"page","link":"https:\/\/tsvwesslingen.de\/?page_id=43","title":{"rendered":"Bewegung &amp; Tanz mit Hanna<strong>!<\/strong>"},"content":{"rendered":"\n<div class=\"wp-block-columns is-layout-flex wp-container-core-columns-is-layout-9d6595d7 wp-block-columns-is-layout-flex\">\n<div class=\"wp-block-column is-layout-flow wp-block-column-is-layout-flow\" style=\"flex-basis:66.66%\">\n<p><strong>Fitness \u2191\u2191\u2191 Beweglichkeit \u2191\u2191\u2191 Gleichgewichtsinn \u2191\u2191\u2191 Spa\u00df mit Anderen \u2191\u2191\u2191<\/strong><\/p>\n\n\n\n<p><br><strong>NeuroTango\u00ae \u2013 f\u00fcr Menschen mit und ohne Parkinson\u00a0<\/strong><\/p>\n\n\n\n<p>Bewegung, Musik &amp; Lebensfreude<\/p>\n\n\n\n<p>Ein ganz besonderes Bewegungsangebot richtet sich an Menschen mit Morbus Parkinson: NeuroTango\u00ae. Leichte \u00dcbungen im Sitzen, Stehen und Gehen \u2013 mit Tango-Rhythmen, K\u00f6rperbewusstsein und viel Freude am gemeinsamen Erleben. Ziel ist es, Bewegungsmuster zu aktivieren, das Gleichgewicht zu st\u00e4rken und kognitive F\u00e4higkeiten zu f\u00f6rdern\u2013 langsam, achtsam, rhythmisch.&nbsp;Schnuppern ist jederzeit m\u00f6glich \u2013 am besten vorher kurz anmelden.<\/p>\n\n\n\n<p>Kurstermin:&nbsp;donnerstags, 17:45\u201319 Uhr<br>Ort: Halle am Vereinsheim, Eingang im Hof (gr\u00fcne T\u00fcr)<br>Kurstermine &amp; Leitung: Hanna de Laporte, NeuroTango\u00ae Practitioner und Leiterin f\u00fcr therapeutischen Tanz. Tel. 0176 \/ 20101212, <a href=\"mailto:hannadelaporte@gmx.de\">hannadelaporte@gmx.de<\/a><\/p>\n<\/div>\n\n\n\n<div class=\"wp-block-column is-layout-flow wp-block-column-is-layout-flow\" style=\"flex-basis:33.33%\">\n<figure class=\"wp-block-image size-full is-resized\"><img fetchpriority=\"high\" decoding=\"async\" width=\"1366\" height=\"1121\" src=\"https:\/\/tsvwesslingen.de\/wp-content\/uploads\/2026\/03\/20200522_153542a.jpg\" alt=\"Bewegung &amp; Tanz mit Hanna&lt;strong&gt;!&lt;\/strong&gt;\" class=\"wp-image-2848\" style=\"width:768px;height:auto\" srcset=\"https:\/\/tsvwesslingen.de\/wp-content\/uploads\/2026\/03\/20200522_153542a.jpg 1366w, https:\/\/tsvwesslingen.de\/wp-content\/uploads\/2026\/03\/20200522_153542a-300x246.jpg 300w, https:\/\/tsvwesslingen.de\/wp-content\/uploads\/2026\/03\/20200522_153542a-768x630.jpg 768w, https:\/\/tsvwesslingen.de\/wp-content\/uploads\/2026\/03\/20200522_153542a-570x468.jpg 570w\" sizes=\"(max-width: 1366px) 100vw, 1366px\" \/><\/figure>\n<\/div>\n<\/div>\n\n\n\n<div class=\"wp-block-columns is-layout-flex wp-container-core-columns-is-layout-9d6595d7 wp-block-columns-is-layout-flex\">\n<div class=\"wp-block-column is-layout-flow wp-block-column-is-layout-flow\" style=\"flex-basis:33.33%\"><\/div>\n\n\n\n<div class=\"wp-block-column is-layout-flow wp-block-column-is-layout-flow\" style=\"flex-basis:66.66%\">\n<p>\u201e<strong>Rhythm is it!\u201c Erwachsene &#8211; donnerstags 19-20 Uhr:<\/strong><\/p>\n\n\n\n<p>Tanzen macht gl\u00fccklich! Bei diesem Kurs lernen und tanzen wir Standard- und Lateinbasics \u2013 wie Rumba, Walzer, Foxtrott oder Cha-Cha-Cha \u2013 auch ohne festen Tanzpartner. Erg\u00e4nzt wird das Programm durch Salsa, Elemente des argentinischen Tangos, Kreis- und Linient\u00e4nze \u2013 ideal auch f\u00fcr Menschen ohne Tanzpartner*In. Die Bewegungen werden von Grund auf gelernt oder wiederentdeckt. \u201eRhythm is it!\u201c bringt uns in Bewegung zu Musik und f\u00f6rdert nicht nur Koordination, Kondition und Gleichgewicht, sondern macht Spa\u00df! Schnuppern jederzeit kostenlos, Kursgeb\u00fchr f\u00fcr eine 10er-Karte 60 Euro (Mitglieder) bzw. 85 Euro (Nichtmitglieder) &#8211; einfach vorbeikommen! Findet in der Sporthalle statt.<\/p>\n\n\n\n<p><br><\/p>\n\n\n\n<p><br><\/p>\n<\/div>\n<\/div>\n\n\n\n<div class=\"wp-block-columns is-layout-flex wp-container-core-columns-is-layout-9d6595d7 wp-block-columns-is-layout-flex\">\n<div class=\"wp-block-column is-layout-flow wp-block-column-is-layout-flow\">\n<p><strong>Drau\u00dfen: Fit am Dienstag &#8211; dienstags 11.00 \u2013 12:00 Uhr<\/strong><\/p>\n\n\n\n<p>F\u00fcr jedes Alter und jedes Fitnesslevel<br>Wer lieber drau\u00dfen aktiv ist, kann dienstags von 11:00\u201312:00 Uhr am \u201eFit am Dienstag\u201c-Workout teilnehmen \u2013 ein Tanz-Workout f\u00fcr alle Altersgruppen auf dem Sportplatz. Bei Regen weichen wir in die Halle aus. Zu Musik aus aller Welt, bewegen wir uns nicht nur sportlich, sondern auch t\u00e4nzerisch in Choreographien, Freestyle-Sequenzen und Linientanz, trainieren Kraft, Ausdauer, Beweglichkeit und Koordination mit Spa\u00df an der Bewegung zur Musik \u2013 jede\/r reguliert den Fitnessfaktor selbst durch die Gr\u00f6\u00dfe der eigenen Schritte und Intensit\u00e4t der eigenen Bewegung. Auch hier gilt: Schnuppern jederzeit kostenlos, Kursgeb\u00fchr f\u00fcr eine 10er-Karte 60 Euro (Mitglieder) bzw. 85 Euro (Nichtmitglieder) &#8211; einfach vorbeikommen!<br><\/p>\n\n\n\n<p><strong>Ort: alle Angebote dieser Seite am Vereinsheim TSVW, Barbarossastr. 41.<br>Anmeldung\/Info: bei Hanna de Laporte, Tanztrainings, Neurotango Practitioner, Leiterin f\u00fcr<br>therapeutischen Tanz, hannadelaporte@gmx.de, Tel.: 0176-20101212<\/strong><\/p>\n<\/div>\n\n\n\n<div class=\"wp-block-column is-vertically-aligned-center is-layout-flow wp-block-column-is-layout-flow\">\n<figure class=\"wp-block-image size-full\"><img decoding=\"async\" width=\"1920\" height=\"1345\" src=\"https:\/\/tsvwesslingen.de\/wp-content\/uploads\/2026\/03\/thumbnail_20160628_112434b.jpg\" alt=\"Bewegung &amp; Tanz mit Hanna&lt;strong&gt;!&lt;\/strong&gt;\" class=\"wp-image-2846\" srcset=\"https:\/\/tsvwesslingen.de\/wp-content\/uploads\/2026\/03\/thumbnail_20160628_112434b.jpg 1920w, https:\/\/tsvwesslingen.de\/wp-content\/uploads\/2026\/03\/thumbnail_20160628_112434b-300x210.jpg 300w, https:\/\/tsvwesslingen.de\/wp-content\/uploads\/2026\/03\/thumbnail_20160628_112434b-768x538.jpg 768w, https:\/\/tsvwesslingen.de\/wp-content\/uploads\/2026\/03\/thumbnail_20160628_112434b-1536x1076.jpg 1536w, https:\/\/tsvwesslingen.de\/wp-content\/uploads\/2026\/03\/thumbnail_20160628_112434b-570x399.jpg 570w\" sizes=\"(max-width: 1920px) 100vw, 1920px\" \/><\/figure>\n<\/div>\n<\/div>\n\n\n\n<div class=\"wp-block-columns is-layout-flex wp-container-core-columns-is-layout-9d6595d7 wp-block-columns-is-layout-flex\">\n<div class=\"wp-block-column is-layout-flow wp-block-column-is-layout-flow\" style=\"flex-basis:33.33%\"><\/div>\n<\/div>\n\n\n\n<div class=\"wp-block-columns is-layout-flex wp-container-core-columns-is-layout-9d6595d7 wp-block-columns-is-layout-flex\">\n<div class=\"wp-block-column is-layout-flow wp-block-column-is-layout-flow\" style=\"flex-basis:33.33%\"><\/div>\n<\/div>\n\n\n\n<p><\/p>\n","protected":false},"excerpt":{"rendered":"<p>Fitness \u2191\u2191\u2191 Beweglichkeit \u2191\u2191\u2191 Gleichgewichtsinn \u2191\u2191\u2191 Spa\u00df mit Anderen \u2191\u2191\u2191 NeuroTango\u00ae \u2013 f\u00fcr Menschen mit und ohne Parkinson\u00a0 Bewegung, Musik &amp; Lebensfreude Ein ganz besonderes Bewegungsangebot richtet sich an Menschen mit Morbus Parkinson: NeuroTango\u00ae. Leichte \u00dcbungen im Sitzen, Stehen und Gehen \u2013 mit Tango-Rhythmen, K\u00f6rperbewusstsein und viel Freude am gemeinsamen Erleben. Ziel ist es, Bewegungsmuster [&hellip;]<\/p>\n","protected":false},"author":1,"featured_media":0,"parent":0,"menu_order":0,"comment_status":"closed","ping_status":"closed","template":"","meta":{"footnotes":""},"class_list":["post-43","page","type-page","status-publish","czr-hentry"],"_links":{"self":[{"href":"https:\/\/tsvwesslingen.de\/index.php?rest_route=\/wp\/v2\/pages\/43","targetHints":{"allow":["GET"]}}],"collection":[{"href":"https:\/\/tsvwesslingen.de\/index.php?rest_route=\/wp\/v2\/pages"}],"about":[{"href":"https:\/\/tsvwesslingen.de\/index.php?rest_route=\/wp\/v2\/types\/page"}],"author":[{"embeddable":true,"href":"https:\/\/tsvwesslingen.de\/index.php?rest_route=\/wp\/v2\/users\/1"}],"replies":[{"embeddable":true,"href":"https:\/\/tsvwesslingen.de\/index.php?rest_route=%2Fwp%2Fv2%2Fcomments&post=43"}],"version-history":[{"count":57,"href":"https:\/\/tsvwesslingen.de\/index.php?rest_route=\/wp\/v2\/pages\/43\/revisions"}],"predecessor-version":[{"id":2852,"href":"https:\/\/tsvwesslingen.de\/index.php?rest_route=\/wp\/v2\/pages\/43\/revisions\/2852"}],"wp:attachment":[{"href":"https:\/\/tsvwesslingen.de\/index.php?rest_route=%2Fwp%2Fv2%2Fmedia&parent=43"}],"curies":[{"name":"wp","href":"https:\/\/api.w.org\/{rel}","templated":true}]}}